- 3*m**4/8 - m**3/3 + m**2. What are the prime factors of b(-6)?
2
List the prime factors of 89 - ((-2)/8 - 7/4).
7, 13
Let i(m) = -m**3 + 8*m**2 - 10*m + 1. Let v = 21 + -17. List the prime factors of i(v).
5
Let u = 31 + -46. Let g = -10 - u. Suppose 3*n = 1 + g. List the prime factors of n.
2
Suppose p - 3*k + 21 = 0, -p + 3*k = p + 36. Let f = p + 24. List the prime factors of f.
3
Suppose 5*a + c - 316 = -3*c, 0 = 5*a + c - 319. List the prime factors of a.
2
Let t = -62 - -153. What are the prime factors of t?
7, 13
Let h = -37 + 93. Suppose 5*p - h = p. List the prime factors of p.
2, 7
Let p(i) = i**2 - 5*i - 2. Let n be p(-3). Suppose -2*m + 4*j = -n, 2*m + 0*m = 5*j + 25. List the prime factors of m.
5
What are the prime factors of (-2864)/(-64) - (-3)/(-4)?
2, 11
Suppose -657 = -s - 8*s. What are the prime factors of s?
73
Suppose -3*w = -2*r - 96 + 294, -5*r - 5*w + 495 = 0. List the prime factors of r.
3, 11
Let d be 2*(1 + -2 - 1). Let s be (0 - -1)*(-4)/d. List the prime factors of s + (-6)/(-4)*10.
2
Let f(s) = -s**2 + 2*s + 10. Let u be f(8). Let c = -21 - u. What are the prime factors of c?
17
What are the prime factors of ((-7)/(-3))/(3/27)?
3, 7
Let y(q) = q**3 - 3*q**2 + 7*q - 4. List the prime factors of y(4).
2, 5
Let g = 54 + -25. Suppose 3*d = 4*u - g, -5*u - 1 = 2*d - 20. What are the prime factors of u?
5
What are the prime factors of -1 - (-50 + 3/(-1))?
2, 13
Let m = -8 - -13. Suppose b + 40 = m*b. What are the prime factors of b?
2, 5
Let l(g) be the third derivative of 0 - g**2 - 5/24*g**4 + 0*g + 1/2*g**3 + 1/120*g**6 + 1/20*g**5. List the prime factors of l(-4).
7
Suppose 3*i = i + 74. What are the prime factors of i?
37
Let b(a) = a**2 + a - 43. What are the prime factors of b(-15)?
167
Suppose 5*j + 0*j = -4*k + 144, -j = 2*k - 66. Suppose -2*r - k = -7*r + a, r + 1 = 2*a. List the prime factors of r.
7
Suppose -37 = -v + 8. List the prime factors of v.
3, 5
Suppose 12*x = 5*x + 847. What are the prime factors of x?
11
Suppose 79*l - 850 = 74*l. List the prime factors of l.
2, 5, 17
List the prime factors of (125/(-10))/((-1)/2).
5
Let i(s) = -s + 2. Let k be i(-6). Let w = -2 + k. Let c(j) = -j + 12. List the prime factors of c(w).
2, 3
Suppose -2*m = 2*m - 116. What are the prime factors of m?
29
Suppose -2*x = -4*p + 3*x, 5*x = 2*p. Let w = 4 - p. List the prime factors of (w/6)/((-2)/(-24)).
2
Suppose -5*u - 3*p - 12 = 0, 0*u - 8 = 2*u + 2*p. Suppose 4*c + c - 2*h - 90 = u, 5*h = 2*c - 57. What are the prime factors of c?
2
Let l = -84 - -122. List the prime factors of l.
2, 19
Let c(h) = h**3 - 6*h**2 + 11*h - 5. What are the prime factors of c(6)?
61
Suppose 249 = 2*m + m - 3*k, 5*m + 3*k = 383. List the prime factors of m.
79
Let l(z) = -z - 5. Let y be l(11). Let f be ((-44)/10)/(1/(-5)). Let i = f + y. List the prime factors of i.
2, 3
Let s = 5 - -16. Let d(h) = -h**3 - 2*h - 3. Let u be d(-2). Let z = s - u. List the prime factors of z.
2, 3
Let z(f) = -f + 5 + 0*f + 8 + 9. List the prime factors of z(7).
3, 5
Let r = 89 + -24. What are the prime factors of r?
5, 13
Let i be 1*(-1 - 0) - -3. Let m(g) = -g**3 + g**2 + g + 13. Let j be m(0). Let r = j - i. What are the prime factors of r?
11
Suppose -4*w + 5*s + 2 = -16, -2*w + 4*s + 12 = 0. Let r(i) = -i - w - 5*i + 0*i - i + 2*i**2. What are the prime factors of r(5)?
13
Suppose -592 = -4*x + 3*d, -278 = x - 3*x - 3*d. What are the prime factors of x?
5, 29
Let o = -52 + 84. Suppose 7*p + 2*a - 22 = 3*p, -a + o = 5*p. List the prime factors of p.
7
Let x = 43 + -26. Suppose 0 = 2*v - 3*f - 13, -f + 2 + x = v. What are the prime factors of v?
2, 7
Let m(g) be the first derivative of -1 - 5*g - 3/2*g**2. List the prime factors of m(-5).
2, 5
Let z(h) = -h**2 - 12*h + 3. Let t(a) = a**3 - 2*a**2 - 3*a - 1. Let q be t(-2). Let j be z(q). Suppose j = 3*i - i. List the prime factors of i.
7
Let z = 3 - -69. Suppose 2*s - z = -5*f, -3*s + 2*f + 144 = s. Let h = s + -26. List the prime factors of h.
2, 5
Suppose 4*w + x - 11 = 0, w = -3*w - 5*x + 23. Let j = w - -1. Suppose 0 = -4*u, u - 44 = -j*d + 22. What are the prime factors of d?
2, 11
Let o = -20 - -42. List the prime factors of o.
2, 11
Let q = -20 - -60. What are the prime factors of q?
2, 5
Suppose -22 - 2 = -4*o. Suppose o*w - w = 5*q + 95, 42 = 2*w + 2*q. What are the prime factors of w?
2, 5
Suppose 3*g - 483 = 3*a, 4*g + 4*a = -0*a + 660. Suppose 4*x + g = 5*l, 2*x = -2*x + 12. List the prime factors of l.
5, 7
Suppose 4*v = -86 + 254. What are the prime factors of v?
2, 3, 7
Let v = 2 + -22. List the prime factors of ((-26)/(-4))/((-5)/v).
2, 13
Suppose 5*z - 27 = 193. Let i = z - 25. Let o = i - 6. What are the prime factors of o?
13
Let l = -10 + 22. Let t be (-8)/3 + 8/l. Let y(m) = m + 4. List the prime factors of y(t).
2
Let t = -19 - -13. Let g = t - -9. Suppose 37 = 5*m - g. List the prime factors of m.
2
Suppose 4*i = 2*s + 118, -i - 2*s + 30 = -12. What are the prime factors of i?
2
Let j = 112 - 301. Let i = -135 - j. Suppose 4*y + 6 = i. What are the prime factors of y?
2, 3
Let s be 2/7 - 4/14. Let i = 0 - -2. Let z = i + s. List the prime factors of z.
2
Let m be (-175)/(-14)*2/1. Suppose 0 = -5*v + m + 35. What are the prime factors of v?
2, 3
Let w be ((-207)/(-27))/(2/6). Suppose g - 3*f = w, -g + f - 4*f = -41. List the prime factors of g.
2
Suppose -a - 14 = -3*r - 7, -5*a = -5*r + 15. Let n be 0 - 0/(r*-1). Suppose n*h = -h + 3, 5*b = 5*h + 15. What are the prime factors of b?
2, 3
Let o be ((-1)/(-3))/((-4)/12). Let j(s) = -12*s**2 - 8*s - 5. Let w(q) = 4*q**2 + 3*q + 2. Let l(i) = -3*j(i) - 8*w(i). What are the prime factors of l(o)?
3
Let j(v) = 12*v - 8. Let s be j(4). Let t = s - 19. What are the prime factors of t?
3, 7
What are the prime factors of (-3)/(-6)*4 - -8*17?
2, 3, 23
Let c(j) be the first derivative of -j**2 - 7*j - 1. What are the prime factors of c(-6)?
5
Let p(h) = -h**3 + 7*h**2 + 9*h + 11. Let t be p(8). Suppose m + 2*m + 3*z - 30 = 0, 0 = 2*m + 3*z - t. What are the prime factors of m?
11
Let n = -3 + 12. Let k(t) = t**3 - 8*t**2 - 5*t + 9. What are the prime factors of k(n)?
3, 5
List the prime factors of (-1334)/(-4) + 1/(-2).
3, 37
Suppose -2 = -2*g, -3*u + 31 = 5*g - g. What are the prime factors of u?
3
Let m(t) = t**2 + 3*t + 4. Suppose -16 = 4*i + 2*o, -o - 26 = 5*i - 0*i. Let c be m(i). Suppose 0 = p + p - c. List the prime factors of p.
11
Let x(u) = u**3 - 2*u + 1. Let l be x(1). Suppose -a = -3 - l. Suppose -s - a*b = 3, -4*s + 13 + 19 = b. What are the prime factors of s?
3
Suppose 5*f = -2*f + 742. What are the prime factors of f?
2, 53
Let j(m) = m**2 + 2*m - 7. List the prime factors of j(3).
2
Suppose 2*g - 13 = r - 2*r, 0 = -5*r - 3*g + 30. What are the prime factors of (-92)/(-4) - (-1 + r)?
3, 7
Suppose 4*z + 5*f - 1244 = f, f + 1537 = 5*z. List the prime factors of z.
2, 7, 11
Let f be 10/((-7)/(-5) + -1). Let l = f - 17. What are the prime factors of l?
2
Suppose 0 = 2*d - 80. List the prime factors of d.
2, 5
Let d(l) = l**2 + 2*l - 7. Suppose -5*x = s + 30, -5*s - x + 4*x = 10. What are the prime factors of d(s)?
2
Suppose j + 10 + 4 = 0. What are the prime factors of 32/14 + 4/j?
2
Let i(l) = -l**2 - 8*l + 3. Let m be i(-8). Suppose 2 + 7 = m*d. What are the prime factors of d?
3
Suppose -7*f = -5*f - 28. Let h = 26 - f. What are the prime factors of h?
2, 3
Suppose 0 = -4*h - 0*h + 3*y + 43, -4*h + 5*y + 53 = 0. What are the prime factors of h?
7
Let d(b) = -b**3 + 14*b**2 - 13*b - 16. List the prime factors of d(11).
2, 3, 17
Suppose -h - 3*h = -12. Let k = -8 + 14. What are the prime factors of (2 - (-8)/k)*h?
2, 5
Suppose z - 16 = 3*z. Let w(b) = b**3 + 5*b**2 - 5. Let o be w(-5). Let c = o - z. What are the prime factors of c?
3
What are the prime factors of (-1 + 5)*4/(-8) + 281?
3, 31
Let m(j) = -j**2 - 4*j + 1. Let h be m(-7). Let i be 5*((-3)/3 - h). Suppose 4*l = -5*u + 65, 0*u + 2*l = 5*u - i. List the prime factors of u.
17
Let h(l) be the first derivative of l**3/6 + 7*l**2/2 - 3*l - 1. Let j(s) be the first derivative of h(s). List the prime factors of j(-5).
2
Suppose 4*q - 856 = 352. List the prime factors of q.
2, 151
Suppose a = -5*g - 25, 4*a + 3 = -2*g - 25. List the prime factors of 4/(-2)*a/2.
5
Let